e prime factors of (-1*1)/(1/(-19)).
19
Suppose 8 - 4 = -2*r. List the prime factors of ((-12 - -2)*r)/2.
2, 5
Suppose 3*d = -6, j - 3*d + 0*d - 7 = 0. Let f be j/(2 - 21/12). Suppose -f = 3*b - 16. What are the prime factors of b?
2
Suppose 0 = v - 12 + 1. Let l = v - 6. What are the prime factors of l?
5
Let r = 5 + -24. Suppose -3*x + 7 - 40 = 0. Let t = x - r. List the prime factors of t.
2
Let a(o) = 32*o**3 + o. Let h be a(1). Suppose -l + h = 3*v, -4*v + 3*l - 1 = -45. Suppose 3*f - 5*n - 4 = v, -f + 5*n = 5. List the prime factors of f.
2, 5
Let d = 5 + -3. Let q = d - -1. What are the prime factors of q*8/3*1?
2
Let i = 8 + -9. List the prime factors of 19*(i/(-1) + 0).
19
Let l = -78 - -128. List the prime factors of l.
2, 5
Suppose 2*z - 9 - 49 = 0. List the prime factors of z.
29
Let y be 38/8 + (-12)/16. Suppose -n + 105 = y*n. List the prime factors of n.
3, 7
Let x(d) = d**3 + 5*d**2 - 6*d + 2. Let q be x(-6). List the prime factors of 3 - 3*(-4)/q.
3
Let n(v) = -7 + v + 5 - 4. Let p be n(4). What are the prime factors of 14 + -2 + 3 + p?
13
Suppose -57 = -3*c + 3*a, 0 = 2*a + 2 + 6. Let o = -11 + c. What are the prime factors of o?
2
Suppose n = 3*n - 28. Suppose 0*x + x = n. List the prime factors of x.
2, 7
Let z(r) be the first derivative of 7*r**3/3 - r - 5. Let h(n) = n**2 - n - 1. Let s be h(2). What are the prime factors of z(s)?
2, 3
Suppose -3*q + 16 = 4. Suppose i - 3*i + q = 0. Suppose 5*l - i*v - 42 = 2*l, -2*v - 6 = 0. List the prime factors of l.
2, 3
Let f be ((-2)/(-3))/(4/6). Let n be (-1 - -4)/(f/1). Suppose -n*s + 30 = -0*s. What are the prime factors of s?
2, 5
Let h(i) = -2*i + 7. What are the prime factors of h(-4)?
3, 5
Let l(i) = -i**3 + 10*i**2 + 10*i + 13. List the prime factors of l(11).
2
Let m = 37 + -16. What are the prime factors of (2 - 1) + -3 + m?
19
Suppose 0 = -3*k - 7 + 22. Let m(f) = 12*f - 4. List the prime factors of m(k).
2, 7
Suppose -479 = 2*i - 3*i. Let d = i + -316. Suppose 27 = o - x, -5*o - 44 = -x - d. What are the prime factors of o?
23
Let t = 41 - 16. What are the prime factors of t?
5
Suppose 9 = -f + 35. What are the prime factors of f?
2, 13
Let s(k) = k + 1. Let h be s(1). Suppose h*i + 4 = 18. What are the prime factors of i?
7
Suppose 0 = -z + 4 - 3. What are the prime factors of (-4)/(2*z/(-4))?
2
Let i = 458 - 737. Let f = -437 - i. What are the prime factors of (-4)/14 - f/14?
11
Let l be (1 - -3)*(-1)/(-2). Suppose p = l*p - 2. List the prime factors of p.
2
Suppose 0 = -0*g + 3*g - 12. Suppose 0 = -4*o + 3*o - g. List the prime factors of (-3)/6 + (-34)/o.
2
Let u = -45 + 56. What are the prime factors of u?
11
Suppose 5*n - 203 = 3*k, 2*n + 3*k - 15 - 83 = 0. What are the prime factors of n?
43
Let k be 7/14 + 6/4. Let d(f) = f**2 - 4. Let u be d(4). Suppose -3*i - 2*i + h = -15, -i + k*h = -u. What are the prime factors of i?
2
Suppose -5*r + 50 = -3*r. What are the prime factors of r?
5
Let q = -12 + 1. Let s(x) = -x**2 - 14*x + 2. List the prime factors of s(q).
5, 7
Suppose l - 40 - 55 = 0. What are the prime factors of l?
5, 19
Let n = -6 + 6. Let a = 4 - n. Suppose a*w - 2*r - 2*r - 12 = 0, 18 = 2*w + 2*r. What are the prime factors of w?
2, 3
List the prime factors of (7 + 656)*((-2)/3 + 1).
13, 17
Suppose -2*f + 17 = 3*j, 4*f - 1 = j - 2. Suppose -4*i + 46 = -p, 45 = -0*i + 5*i + j*p. What are the prime factors of i?
11
Let n = 4 - 5. List the prime factors of 2/6*(-45)/n.
3, 5
Let d(z) = -z**3 - 6*z**2 - 3*z - 15. What are the prime factors of d(-9)?
3, 5, 17
Let y = -1 - 15. Let p = y - -22. What are the prime factors of p?
2, 3
Let h be (6/(-9))/((-2)/12). Suppose 10 = 2*b - 4*t, -16 = -h*b + 3*t + t. Suppose b*y = 16 + 2. List the prime factors of y.
2, 3
Suppose -5*j = -3*k - 16, -5*k - 2*j + j + 20 = 0. Let f be 6 + (-3)/k*2. What are the prime factors of 14/f - (-2)/4?
2
List the prime factors of 79/(0 - 4/(-4)).
79
Let v be 0 + 7 + 4/2. Let q = 10 - v. What are the prime factors of (q + -3)*(-21)/14?
3
Suppose -4*k - 80 = -2*r + k, -42 = -r + 3*k. List the prime factors of r.
2, 3, 5
Let t(l) = l - 1. Let v be t(-3). Let w be (2 + 1)/(-3)*v. Suppose -2*f + y + 86 = 3*f, -4*f + 64 = w*y. What are the prime factors of f?
17
List the prime factors of ((-390)/12)/(4/(-16)).
2, 5, 13
Let f = 180 - 104. Let x = 10 + 12. Suppose 5*y - f = -4*m, 3*y - y - x = -m. What are the prime factors of m?
2, 7
What are the prime factors of 2 - 8*3*-1?
2, 13
Suppose -279 = -5*w + 2*n, -33 = -w - n + 27. What are the prime factors of w?
3, 19
Let r = -15 + 25. Suppose 5*i + b = 49, 2*i - 2*b + 0*b - r = 0. What are the prime factors of i?
3
Let i be ((-21)/6)/((-1)/2). Let l = 2 + i. List the prime factors of l.
3
Let l be 2/(-13) - 3180/(-52). Suppose -4*w = 4*s - 5*s + 38, 0 = 2*s - 5*w - l. List the prime factors of s.
2, 3
Suppose 0 = 12*i - 1770 - 2442. What are the prime factors of i?
3, 13
Suppose -4*q - 1 = -13. What are the prime factors of 13 - (3/3 - q)?
3, 5
Let i(j) = 2*j**2 - 2*j + 1. Let l be i(2). Let b = l + 4. Suppose -2*z = -3 - b. What are the prime factors of z?
2, 3
Let v(r) = -85*r**3 - 3*r**2 - 2*r + 1. List the prime factors of v(-1).
5, 17
Let z = 95 - 68. What are the prime factors of z?
3
Let d(i) = -i - 7. Let m be d(-6). Let p be (1 - m)/((-2)/(-4)). List the prime factors of ((-14)/p)/(3/(-6)).
7
Suppose 0 = a - 3*p - 6, -2*p - 44 = -3*a - a. List the prime factors of a.
2, 3
Let l(g) = g**3 + 4*g**2 - 2*g + 5. Let n be l(-4). Suppose 0 = -9*d + n*d - 56. List the prime factors of d.
2, 7
Suppose -4*l + 6 = -l. Suppose -n + 4*d + 111 = l, -n + d + 100 = 0. Suppose -4*q + u + 65 = 0, 3*u = -5*q - u + n. What are the prime factors of q?
17
Let h be (-12 - -2)*6/5. List the prime factors of 2/8 + (-165)/h.
2, 7
Suppose 43*s = 39*s + 140. What are the prime factors of s?
5, 7
Let j(m) = m**3 + 7*m**2 + 3*m - 1. Let z(g) = -2*g**3 + 3*g**2 - 2. Let k be z(2). List the prime factors of j(k).
17
Let a be 0 + 3 - (0 + -2). Suppose -a*o = -o - 68. What are the prime factors of o?
17
Let w = -272 - -638. List the prime factors of w.
2, 3, 61
Let j(a) = 2*a**2 - 9*a + 31. List the prime factors of j(10).
3, 47
Let h(o) = o**3 - o**2. Let k be h(1). Suppose k*d + 2*d = -4. Let y(w) = -7*w - 2. List the prime factors of y(d).
2, 3
What are the prime factors of 459/(-45)*((-2)/2 - 4)?
3, 17
Let x = 14 + -10. Suppose -6 = -x*w - 22. Let h = 10 + w. What are the prime factors of h?
2, 3
Let h(s) = 3*s + 105. What are the prime factors of h(0)?
3, 5, 7
Let w(v) be the first derivative of -v**4/4 + 8*v**3/3 + 13*v**2/2 + v - 2. What are the prime factors of w(9)?
37
Suppose -4*w - 2*d = -172, 4*w + 7*d - 3*d - 176 = 0. What are the prime factors of w?
2, 3, 7
Let c(b) = b**3 + 2. Let x be c(0). Let n be (-13)/(-4)*2*x. Let s = n - 7. What are the prime factors of s?
2, 3
Suppose -b + 0*b = -49. Suppose -2*r - 3*a + 24 = 0, -2*r + b = 3*r + 2*a. Suppose -s + r = 2*s. List the prime factors of s.
3
Suppose -3*x + 2*x - g = -231, 1175 = 5*x + g. What are the prime factors of x?
2, 59
Let q(v) = v**3 + v**2. Let l be q(0). Suppose l = -0*g + 3*g - 27. List the prime factors of g.
3
Suppose 2*k - 5 = 25. List the prime factors of k.
3, 5
Suppose 2*k + 2 = -0. Let p(s) = 12*s + 1. Let h(j) = 12*j + 1. Let m(v) = -5*h(v) + 4*p(v). List the prime factors of m(k).
11
Let f = 1 + -1. What are the prime factors of f - (0 - (10 + -2))?
2
Suppose 2*w - 75 = -11. What are the prime factors of w?
2
Let h(o) = -3*o - 16. Let m be h(-12). Suppose -k - m = -6*k. What are the prime factors of k?
2
Let p = 15 + -7. Let z = 21 - p. What are the prime factors of z?
13
Let a(h) = -h - 1. Suppose -4*c - f = 10 - 0, 0 = c + 2*f + 6. Let u be a(c). Suppose -2*n - 8 = -2*d, 5*n + u - 2 = -2*d. List the prime factors of d.
3
Let u(k) = k**2 + 9*k - 19. List the prime factors of u(-19).
3, 19
Suppose 60 = -2*g - 3*g. Let i(o) = 5 - 3*o**2 + o**2 + 11*o + 2*o**2 + o**2. What are the prime factors of i(g)?
17
Let w be 21/((-1)/2 + 2). What are the prime factors of (w/(-4))/((-3)/12)?
2, 7
Let p = 6 - 12. Let y = -4 - p. Let h(n) = 6*n - 2. What are the prime factors of h(y)?
2, 5
Let h(r) = 3*r - 5. Let c be h(5). Suppose -c = 5*x - 65. Suppose 2*j = -3*a + 11, -j + 2*j + x = 4*a. L